{"id":338,"date":"2019-04-26T11:20:09","date_gmt":"2019-04-26T09:20:09","guid":{"rendered":"https:\/\/www.mtvbasilicata.it\/?page_id=338"},"modified":"2024-07-12T17:18:33","modified_gmt":"2024-07-12T15:18:33","slug":"cantine-musto-carmelitano","status":"publish","type":"page","link":"https:\/\/mtvbasilicata.it\/?page_id=338","title":{"rendered":"Musto Carmelitano"},"content":{"rendered":"\n<style type=\"text\/css\" data-created_by=\"avia_inline_auto\" id=\"style-css-av-387pz-8d38075a4411ddea6339a2bddd25824d\">\n.flex_column.av-387pz-8d38075a4411ddea6339a2bddd25824d{\nborder-radius:0px 0px 0px 0px;\npadding:0px 0px 0px 0px;\n}\n<\/style>\n<div  class='flex_column av-387pz-8d38075a4411ddea6339a2bddd25824d av_one_third  avia-builder-el-0  el_before_av_two_third  avia-builder-el-first  first flex_column_div av-zero-column-padding  '     ><style type=\"text\/css\" data-created_by=\"avia_inline_auto\" id=\"style-css-av-juntmko4-ad7cd200ed8b593a2ddbaa3f997607c9\">\n.avia-image-container.av-juntmko4-ad7cd200ed8b593a2ddbaa3f997607c9 img.avia_image{\nbox-shadow:none;\n}\n.avia-image-container.av-juntmko4-ad7cd200ed8b593a2ddbaa3f997607c9 .av-image-caption-overlay-center{\ncolor:#ffffff;\n}\n<\/style>\n<div  class='avia-image-container av-juntmko4-ad7cd200ed8b593a2ddbaa3f997607c9 av-styling- avia-align-center  avia-builder-el-1  avia-builder-el-no-sibling '   itemprop=\"image\" itemscope=\"itemscope\" itemtype=\"https:\/\/schema.org\/ImageObject\" ><div class=\"avia-image-container-inner\"><div class=\"avia-image-overlay-wrap\"><img decoding=\"async\" fetchpriority=\"high\" class='wp-image-339 avia-img-lazy-loading-not-339 avia_image ' src=\"https:\/\/mtvbasilicata.it\/wp-content\/uploads\/2019\/04\/musto-carmelitano-logo.jpg\" alt='' title='musto-carmelitano-logo'  height=\"250\" width=\"250\"  itemprop=\"thumbnailUrl\" srcset=\"https:\/\/mtvbasilicata.it\/wp-content\/uploads\/2019\/04\/musto-carmelitano-logo.jpg 250w, https:\/\/mtvbasilicata.it\/wp-content\/uploads\/2019\/04\/musto-carmelitano-logo-80x80.jpg 80w, https:\/\/mtvbasilicata.it\/wp-content\/uploads\/2019\/04\/musto-carmelitano-logo-36x36.jpg 36w, https:\/\/mtvbasilicata.it\/wp-content\/uploads\/2019\/04\/musto-carmelitano-logo-180x180.jpg 180w, https:\/\/mtvbasilicata.it\/wp-content\/uploads\/2019\/04\/musto-carmelitano-logo-120x120.jpg 120w\" sizes=\"(max-width: 250px) 100vw, 250px\" \/><\/div><\/div><\/div><\/div>\n\n<style type=\"text\/css\" data-created_by=\"avia_inline_auto\" id=\"style-css-av-ogg2f-8e0e9fe77e20718bb662cd11b285d1ae\">\n.flex_column.av-ogg2f-8e0e9fe77e20718bb662cd11b285d1ae{\nborder-radius:0px 0px 0px 0px;\npadding:0px 0px 0px 0px;\n}\n<\/style>\n<div  class='flex_column av-ogg2f-8e0e9fe77e20718bb662cd11b285d1ae av_two_third  avia-builder-el-2  el_after_av_one_third  el_before_av_hr  flex_column_div av-zero-column-padding  '     ><p>\n<style type=\"text\/css\" data-created_by=\"avia_inline_auto\" id=\"style-css-av-juo9035p-dc35ee3e57bd196a96aaa172e3e3d593\">\n#top .hr.hr-invisible.av-juo9035p-dc35ee3e57bd196a96aaa172e3e3d593{\nheight:50px;\n}\n<\/style>\n<div  class='hr av-juo9035p-dc35ee3e57bd196a96aaa172e3e3d593 hr-invisible  avia-builder-el-3  el_before_av_heading  avia-builder-el-first '><span class='hr-inner '><span class=\"hr-inner-style\"><\/span><\/span><\/div><br \/>\n\n<style type=\"text\/css\" data-created_by=\"avia_inline_auto\" id=\"style-css-av-juxuzb9j-fa92b4f60bc9143529c44088ea7a6498\">\n#top .av-special-heading.av-juxuzb9j-fa92b4f60bc9143529c44088ea7a6498{\npadding-bottom:10px;\n}\nbody .av-special-heading.av-juxuzb9j-fa92b4f60bc9143529c44088ea7a6498 .av-special-heading-tag .heading-char{\nfont-size:25px;\n}\n.av-special-heading.av-juxuzb9j-fa92b4f60bc9143529c44088ea7a6498 .av-subheading{\nfont-size:15px;\n}\n<\/style>\n<div  class='av-special-heading av-juxuzb9j-fa92b4f60bc9143529c44088ea7a6498 av-special-heading-h3  avia-builder-el-4  el_after_av_hr  el_before_av_textblock '><h3 class='av-special-heading-tag '  itemprop=\"headline\"  >Musto Carmelitano<\/h3><div class=\"special-heading-border\"><div class=\"special-heading-inner-border\"><\/div><\/div><\/div><br \/>\n<section  class='av_textblock_section av-junto5cf-caea221dc65a4d6e7478efb72499d542 '   itemscope=\"itemscope\" itemtype=\"https:\/\/schema.org\/CreativeWork\" ><div class='avia_textblock'  itemprop=\"text\" ><p>Musto Carmelitano \u00e8 un&#8217;azienda agricola a conduzione familiare da pi\u00f9 di tre generazioni vignaioli. Nel 2005, \u00e8 passata in gestione ad Elisabetta e suo fratello Luigi, i quali hanno ereditato la passione per la terra e il vino dai propri genitori e nonni.<br \/>\nNel 2006, con la costruzione della nuova cantina,l&#8217;acquisto di attrezzature e la collaborazione dell&#8217;esperto enologo Sebastiano Fortunato, \u00e8 stato possibile ottenere vini eccezionali, unendo la tradizione alla tecnologia.<br \/>\nL&#8217;azienda consta di tredici ettari, nove dei quali dedicati ai seminativi e quattro ai vigneti.<br \/>\nLe uve Aglianico del Vulture, provenienti dai vigneti aziendali, sono scrupolosamente selezionate e raccolte a mano, coltivate seguendo il metodo biologico.<br \/>\nInoltre, si pone cura nel trasformare l&#8217;uva in vino con l&#8217;obiettivo di conservare tutte le sue preziose propriet\u00e0 organolettiche.<br \/>\nPerch\u00e9 questo avvenga, si evitano di usare i lieviti selezionati , le chiarifiche e qualsiasi intervento di stabilizzazione.<br \/>\nLe fermentazioni partono in maniera spontanea, senza anidride solforosa e con i soli lieviti indigeni.<br \/>\nI vini Musto Carmelitano sono prodotti in maniera artigianale, nel rispetto dell&#8217;ambiente e nella tutela del consumatore.<br \/>\nVini certificati biologigi.<\/p>\n<\/div><\/section><\/p><\/div>\n<div  class='hr av-ofwrz-d7c0b307baceda83b9a59f6dd26e28f4 hr-default  avia-builder-el-6  el_after_av_two_third  el_before_av_slideshow '><span class='hr-inner '><span class=\"hr-inner-style\"><\/span><\/span><\/div>\n<div  class='avia-slideshow av-juo8opdr-4ea368d7db279504832eff73ad5ff2bc avia-slideshow-gallery av_slideshow avia-slide-slider  avia-builder-el-7  el_after_av_hr  el_before_av_two_fifth  av-slideshow-ui av-control-default av-slideshow-autoplay av-loop-endless av-loop-manual-endless av-default-height-applied avia-slideshow-1' data-slideshow-options=\"{&quot;animation&quot;:&quot;slide&quot;,&quot;autoplay&quot;:true,&quot;loop_autoplay&quot;:&quot;endless&quot;,&quot;interval&quot;:5,&quot;loop_manual&quot;:&quot;manual-endless&quot;,&quot;autoplay_stopper&quot;:false,&quot;noNavigation&quot;:false,&quot;bg_slider&quot;:false,&quot;keep_padding&quot;:false,&quot;hoverpause&quot;:false,&quot;show_slide_delay&quot;:0}\"  itemprop=\"image\" itemscope=\"itemscope\" itemtype=\"https:\/\/schema.org\/ImageObject\" ><ul class='avia-slideshow-inner ' style='padding-bottom: 80.94674556213%;'><li  class='avia-slideshow-slide av-juo8opdr-4ea368d7db279504832eff73ad5ff2bc__0  slide-1 slide-odd'><div data-rel='slideshow-1' class='avia-slide-wrap '   ><img decoding=\"async\" fetchpriority=\"high\" class=\"wp-image-341 avia-img-lazy-loading-not-341\"  src=\"https:\/\/mtvbasilicata.it\/wp-content\/uploads\/2019\/04\/musto-carmelitano-01-845x684.jpg\" width=\"845\" height=\"684\" title='musto-carmelitano-01' alt=''  itemprop=\"thumbnailUrl\" srcset=\"https:\/\/mtvbasilicata.it\/wp-content\/uploads\/2019\/04\/musto-carmelitano-01-845x684.jpg 845w, https:\/\/mtvbasilicata.it\/wp-content\/uploads\/2019\/04\/musto-carmelitano-01-495x400.jpg 495w\" sizes=\"(max-width: 845px) 100vw, 845px\" \/><\/div><\/li><li  class='avia-slideshow-slide av-juo8opdr-4ea368d7db279504832eff73ad5ff2bc__1  slide-2 slide-even'><div data-rel='slideshow-1' class='avia-slide-wrap '   ><img decoding=\"async\" fetchpriority=\"high\" class=\"wp-image-342 avia-img-lazy-loading-not-342\"  src=\"https:\/\/mtvbasilicata.it\/wp-content\/uploads\/2019\/04\/musto-carmelitano-02-845x684.jpg\" width=\"845\" height=\"684\" title='musto-carmelitano-02' alt=''  itemprop=\"thumbnailUrl\" srcset=\"https:\/\/mtvbasilicata.it\/wp-content\/uploads\/2019\/04\/musto-carmelitano-02-845x684.jpg 845w, https:\/\/mtvbasilicata.it\/wp-content\/uploads\/2019\/04\/musto-carmelitano-02-495x400.jpg 495w\" sizes=\"(max-width: 845px) 100vw, 845px\" \/><\/div><\/li><li  class='avia-slideshow-slide av-juo8opdr-4ea368d7db279504832eff73ad5ff2bc__2  slide-3 slide-odd'><div data-rel='slideshow-1' class='avia-slide-wrap '   ><img decoding=\"async\" fetchpriority=\"high\" class=\"wp-image-343 avia-img-lazy-loading-not-343\"  src=\"https:\/\/mtvbasilicata.it\/wp-content\/uploads\/2019\/04\/musto-carmelitano-03-845x667.jpg\" width=\"845\" height=\"667\" title='musto-carmelitano-03' alt=''  itemprop=\"thumbnailUrl\"   \/><\/div><\/li><\/ul><div class='avia-slideshow-arrows avia-slideshow-controls' ><a href='#prev' class='prev-slide  avia-svg-icon avia-font-svg_entypo-fontello' data-av_svg_icon='left-open-big' data-av_iconset='svg_entypo-fontello' tabindex='-1' title=\"Prec\"><svg version=\"1.1\" xmlns=\"http:\/\/www.w3.org\/2000\/svg\" width=\"15\" height=\"32\" viewBox=\"0 0 15 32\" preserveAspectRatio=\"xMidYMid meet\" aria-labelledby='av-svg-title-1' aria-describedby='av-svg-desc-1' role=\"graphics-symbol\" aria-hidden=\"true\">\n<title id='av-svg-title-1'>Prec<\/title>\n<desc id='av-svg-desc-1'>Prec<\/desc>\n<path d=\"M14.464 27.84q0.832 0.832 0 1.536-0.832 0.832-1.536 0l-12.544-12.608q-0.768-0.768 0-1.6l12.544-12.608q0.704-0.832 1.536 0 0.832 0.704 0 1.536l-11.456 11.904z\"><\/path>\n<\/svg><span class='avia_hidden_link_text'>Prec<\/span><\/a><a href='#next' class='next-slide  avia-svg-icon avia-font-svg_entypo-fontello' data-av_svg_icon='right-open-big' data-av_iconset='svg_entypo-fontello' tabindex='-1' title=\"Succ\"><svg version=\"1.1\" xmlns=\"http:\/\/www.w3.org\/2000\/svg\" width=\"15\" height=\"32\" viewBox=\"0 0 15 32\" preserveAspectRatio=\"xMidYMid meet\" aria-labelledby='av-svg-title-2' aria-describedby='av-svg-desc-2' role=\"graphics-symbol\" aria-hidden=\"true\">\n<title id='av-svg-title-2'>Succ<\/title>\n<desc id='av-svg-desc-2'>Succ<\/desc>\n<path d=\"M0.416 27.84l11.456-11.84-11.456-11.904q-0.832-0.832 0-1.536 0.832-0.832 1.536 0l12.544 12.608q0.768 0.832 0 1.6l-12.544 12.608q-0.704 0.832-1.536 0-0.832-0.704 0-1.536z\"><\/path>\n<\/svg><span class='avia_hidden_link_text'>Succ<\/span><\/a><\/div><div class='avia-slideshow-dots avia-slideshow-controls'><a href='#1' class='goto-slide active' >1<\/a><a href='#2' class='goto-slide ' >2<\/a><a href='#3' class='goto-slide ' >3<\/a><\/div><\/div>\n\n<style type=\"text\/css\" data-created_by=\"avia_inline_auto\" id=\"style-css-av-ogg2f-8509e364f36e62748db96d0ccb563fe9\">\n.flex_column.av-ogg2f-8509e364f36e62748db96d0ccb563fe9{\nborder-radius:0px 0px 0px 0px;\npadding:0px 0px 0px 0px;\n}\n<\/style>\n<div  class='flex_column av-ogg2f-8509e364f36e62748db96d0ccb563fe9 av_two_fifth  avia-builder-el-8  el_after_av_slideshow  el_before_av_three_fifth  first flex_column_div av-zero-column-padding  '     ><\/div>\n\n<style type=\"text\/css\" data-created_by=\"avia_inline_auto\" id=\"style-css-av-ogg2f-8e0e9fe77e20718bb662cd11b285d1ae\">\n.flex_column.av-ogg2f-8e0e9fe77e20718bb662cd11b285d1ae{\nborder-radius:0px 0px 0px 0px;\npadding:0px 0px 0px 0px;\n}\n<\/style>\n<div  class='flex_column av-ogg2f-8e0e9fe77e20718bb662cd11b285d1ae av_three_fifth  avia-builder-el-9  el_after_av_two_fifth  avia-builder-el-last  flex_column_div av-zero-column-padding  '     ><section  class='av_textblock_section av-junto5cf-caea221dc65a4d6e7478efb72499d542 '   itemscope=\"itemscope\" itemtype=\"https:\/\/schema.org\/CreativeWork\" ><div class='avia_textblock'  itemprop=\"text\" ><p><strong>AZIENDA AGRICOLA MUSTO CARMELITANO\u00a0&#038; C. S.s.<\/strong><br \/>\nVIA PIETRO NENNI, 23 &#8211; 85020 MASCHITO (PZ)<\/p>\n<p><strong>Contatti<\/strong><br \/>\ntel. +39 0972 33312 &#8211; cell. +39 388 606956<br \/>\nwww.mustocarmelitano.it &#8211; <a href=\"mailto:info@mustocarmelitano.it\">info@mustocarmelitano.it<\/a><\/p>\n<\/div><\/section><\/div>\n","protected":false},"excerpt":{"rendered":"","protected":false},"author":1,"featured_media":94,"parent":0,"menu_order":0,"comment_status":"closed","ping_status":"closed","template":"","meta":{"footnotes":""},"categories":[],"tags":[11],"class_list":["post-338","page","type-page","status-publish","has-post-thumbnail","hentry","tag-cantina"],"_links":{"self":[{"href":"https:\/\/mtvbasilicata.it\/index.php?rest_route=\/wp\/v2\/pages\/338","targetHints":{"allow":["GET"]}}],"collection":[{"href":"https:\/\/mtvbasilicata.it\/index.php?rest_route=\/wp\/v2\/pages"}],"about":[{"href":"https:\/\/mtvbasilicata.it\/index.php?rest_route=\/wp\/v2\/types\/page"}],"author":[{"embeddable":true,"href":"https:\/\/mtvbasilicata.it\/index.php?rest_route=\/wp\/v2\/users\/1"}],"replies":[{"embeddable":true,"href":"https:\/\/mtvbasilicata.it\/index.php?rest_route=%2Fwp%2Fv2%2Fcomments&post=338"}],"version-history":[{"count":4,"href":"https:\/\/mtvbasilicata.it\/index.php?rest_route=\/wp\/v2\/pages\/338\/revisions"}],"predecessor-version":[{"id":1781,"href":"https:\/\/mtvbasilicata.it\/index.php?rest_route=\/wp\/v2\/pages\/338\/revisions\/1781"}],"wp:featuredmedia":[{"embeddable":true,"href":"https:\/\/mtvbasilicata.it\/index.php?rest_route=\/wp\/v2\/media\/94"}],"wp:attachment":[{"href":"https:\/\/mtvbasilicata.it\/index.php?rest_route=%2Fwp%2Fv2%2Fmedia&parent=338"}],"wp:term":[{"taxonomy":"category","embeddable":true,"href":"https:\/\/mtvbasilicata.it\/index.php?rest_route=%2Fwp%2Fv2%2Fcategories&post=338"},{"taxonomy":"post_tag","embeddable":true,"href":"https:\/\/mtvbasilicata.it\/index.php?rest_route=%2Fwp%2Fv2%2Ftags&post=338"}],"curies":[{"name":"wp","href":"https:\/\/api.w.org\/{rel}","templated":true}]}}